1736, 2*h + 5*q = -358 + 2073. What are the prime factors of h?
5, 173
Let s(v) = -169*v - 483. List the prime factors of s(-7).
2, 5, 7
Let o be (-39)/(-9) + 6/9. Suppose -2*y + o*y = -3*a + 15, -2*y - 8 = -4*a. Suppose 12 - 3 = b + y*k, 2*b - 4*k + 6 = 0. What are the prime factors of b?
3
Suppose 0 = -5*k - 3892 + 67. What are the prime factors of 12/(-42) - (0 + k/7)?
109
Let d(i) = -757*i - 103. What are the prime factors of d(-4)?
3, 5, 13
Let j(t) = t**2 + 4*t + 5. Let b be j(-4). Suppose -633 = -3*f - a - a, 0 = f - b*a - 211. What are the prime factors of f?
211
Suppose 809*z = 804*z + 1335. What are the prime factors of z?
3, 89
Let a(o) = 4*o**3 + o**2 + 10*o - 2. What are the prime factors of a(3)?
5, 29
Suppose 3*c + 0*c - 318 = 0. Let t = 197 - c. What are the prime factors of t?
7, 13
Let n(k) = -4*k**2 - 55*k + 8. List the prime factors of n(-5).
3, 61
Let q be 12/(-6)*(-27)/6. Let n be (0 - -1)*1*q. What are the prime factors of 1 + (-3)/(n/(-93))?
2
Suppose -2 = -2*c + 3*j, -2*c - j + 12 = j. Suppose 2*v + o - 16 = 5, v = -c*o + 28. List the prime factors of 286/v - (-21)/(-28).
5, 7
Let u be (3 + -48)/(-5) - 0. Let n(w) = w**3 - 6*w**2 - 13*w - 21. List the prime factors of n(u).
3, 5, 7
Suppose 4*m = 3*r - 28, -4*r - m = -6*m - 36. Suppose -5*y = 5*b + r + 76, -4*b = -4*y + 32. What are the prime factors of 21 + 0*(-4)/b?
3, 7
What are the prime factors of 737 + 9/3 + -2?
2, 3, 41
Let j(b) = b**3 + 8*b**2 - 10*b + 3. Suppose 5*q - 7 + 2 = 0. Let k(z) = z**2. Let d(o) = q*j(o) - k(o). List the prime factors of d(-8).
19
Let l = 301 - 186. Suppose 143 = 3*i + 3*z - l, 0 = 5*i + 4*z - 427. What are the prime factors of i?
83
Let b = -324 + 1079. Suppose 3*x - 2*j = -7*j + 477, b = 5*x - 5*j. List the prime factors of x.
2, 7, 11
Suppose -3*y - 4*j + 21 = 0, -5*y - 2*j + 3 = -18. Suppose 0 = m - y*x + 3, -x = -3*m + 3*x + 1. What are the prime factors of m/((-70)/25 - -3)?
3, 5
List the prime factors of (-4)/(-16) + (-8)/(96/(-5265)).
439
Suppose 127*a - 126*a = -1. List the prime factors of 19274/69 + a/(3/(-2)).
2, 5, 7
Let l be (4 + 71 - -6)/(0 + -1). Let q = l - -93. What are the prime factors of q?
2, 3
Suppose f + 231 = -5*s + 1205, 0 = -5*f + 5*s + 4780. List the prime factors of f.
7, 137
What are the prime factors of 10 - (-540)/(-55) - 264430/(-55)?
2, 601
Suppose 3*h + 4*u = 922, 0 = 2*h - 0*u + 3*u - 615. What are the prime factors of h?
2, 3, 17
Let h(g) = g**3 - 9*g**2 - 11*g + 4. Let l be h(10). List the prime factors of (-208)/(-24) + (-2)/l.
3
Let p(w) be the first derivative of 17*w**2/2 - w - 1. Let u be p(3). Suppose -3*g + 25 = -u. List the prime factors of g.
5
Suppose 55*m - 53*m = -116. Let v = -43 - m. List the prime factors of v.
3, 5
Suppose 5*q = 3*q - 94. Let j = q + 84. List the prime factors of j.
37
Suppose 151 = v - 117. Suppose -4*h = -v - 44. What are the prime factors of h?
2, 3, 13
Suppose -3*t + 7 = -5. Suppose 0 = 2*y - 3*p - 25, t*y - 24 - 11 = p. Let s(q) = -q**2 + 10*q - 10. What are the prime factors of s(y)?
2, 3
Let d(b) = -b**3 - 17*b**2 - 17*b + 9. Let v(w) be the first derivative of w**2/2 - 28*w + 1. Let t be v(12). List the prime factors of d(t).
5
Let j = -656 + 4781. What are the prime factors of j?
3, 5, 11
Suppose -51*i + 36*i + 73230 = 0. List the prime factors of i.
2, 2441
Let o be -3*(15/(-9) - -1). Suppose y - b = -2*b - 1, 5*y - 31 = 4*b. Suppose y*m = -o*m + 100. What are the prime factors of m?
2, 5
Let l = 1334 + -288. List the prime factors of l.
2, 523
Suppose -h + 4*s + 0 = -5, 4*h - 20 = -4*s. Suppose -3*w = -w - 6. Let n = h - w. List the prime factors of n.
2
Let v(q) = -3*q**2 + 2*q + 20. Let t be v(-4). List the prime factors of 265*t/15*(-4)/16.
3, 53
Let b be (5 - -3)*(2 - 1). Let w = b + 25. What are the prime factors of w?
3, 11
List the prime factors of (-96016)/(-48) - 13 - 2/(-3).
2, 7, 71
Let j(u) = -u**2 - 15*u. Let x be j(-16). Let z(h) = h**3 + 16*h**2 - 4*h - 19. List the prime factors of z(x).
3, 5
Let u(m) = -25*m - 9. Let n be u(-2). Let f = 166 - n. What are the prime factors of f?
5
Suppose f = g + 342 + 1, -5*f + 2*g = -1721. List the prime factors of f.
3, 5, 23
Let r = -58 - -281. What are the prime factors of r?
223
Let g(q) = 5*q - 21. List the prime factors of g(6).
3
Let m = 7 + -10. What are the prime factors of m/6*-8 + 9?
13
Let d = 53 + -45. What are the prime factors of 2/d + 1935/36?
2, 3
Suppose 3*t - 4*n - 11 = -0*t, 0 = -5*t + n + 24. Suppose -t*z + 89 = -4*b, 2*b = 2*z + 19 - 55. Suppose 8 = y - z. List the prime factors of y.
5
Let d be (20 + -18)/(2/4). Suppose -a = 5*h - 35 + 1, -d*a + 44 = -3*h. List the prime factors of a.
2, 7
Let g be -17 + 15 + 0/(-1) - 71. Let p = 105 - g. What are the prime factors of p?
2, 89
Let z(k) = -2*k**3 + 4*k**2 + 4. Let u be z(3). What are the prime factors of u/(-4) - 20/(-40)?
2
Suppose 418 = 6*u + 142. Let y = 112 - u. What are the prime factors of y?
2, 3, 11
Let w = -23 - -27. Let a = w + 38. List the prime factors of a.
2, 3, 7
Suppose 0 = -4*i - 2*i + 102. Suppose i*u = 22*u - 205. What are the prime factors of u?
41
Let j(d) be the third derivative of -d**5/60 + 5*d**4/24 - 2*d**3/3 - 4*d**2. Let m be j(4). Suppose o - 5*o + 16 = m. What are the prime factors of o?
2
Let f = 14 + -9. Suppose 0 = -4*o + 2*g - 0*g + 446, 0 = f*o + 4*g - 577. What are the prime factors of o?
113
Let t(v) = -v**2 - 16*v + 15. Suppose 0 = -3*m + 2*r - 35, -3*m - 2*m - 60 = -5*r. Let i be t(m). Let h = i - 49. List the prime factors of h.
3, 7
Let y = 1467 + -820. What are the prime factors of y?
647
Suppose p = -0*p + 5. Let b = 693 + -693. Suppose 0 = -b*v + p*v - 30. List the prime factors of v.
2, 3
Suppose -2 = -4*k - 14, 4*k + 1558 = g. List the prime factors of g.
2, 773
Suppose 3*w + 1 = 7. Suppose 4*x - 4*f = -0*x + 264, 5*f = w*x - 132. List the prime factors of x.
2, 3, 11
Suppose 0 = 4*n + 2*k - 356 - 296, -322 = -2*n - 3*k. What are the prime factors of n?
2, 41
Let y(u) = u**3 + 2*u + 7 - 2*u**3 + 2*u**3 + 6*u**2. Let f be y(-5). Suppose 3*t - 9 = 0, d + 0*d + 2*t = f. List the prime factors of d.
2
Let n(v) = 10*v - 1. Let o be n(5). Suppose -m + o = -4*r, -m + 5*r = 2*r - 50. What are the prime factors of m?
53
Let w = -90 + 600. Suppose 4*i = -5*v + 408, 0 = -7*i + 2*i + 2*v + w. What are the prime factors of i?
2, 3, 17
Suppose -b + 3 = 0, -4*t + b - 5*b + 10868 = 0. What are the prime factors of t?
2, 23, 59
List the prime factors of (-60)/12 + (296 - -1).
2, 73
Let f be 12/54 - (-565)/9. Let z = -115 + f. What are the prime factors of (z/(-3))/((-5)/(-15))?
2, 13
Let t(b) = -9*b + 9. Let c be t(6). List the prime factors of 5/(15/(-2))*c.
2, 3, 5
Suppose -4*p + 300 = -8*p. Let y = 51 + p. Let a = y - -39. What are the prime factors of a?
3, 5
Let h(v) = -v**3 + 7*v**2 + 5*v + 14. Let u be h(8). List the prime factors of (-524)/u - 34/85.
2, 13
Let l(v) = 118*v + 3*v**2 - 8*v**3 - 55*v - 59*v. What are the prime factors of l(-2)?
2, 17
Let d(j) = -4*j**3 + j**2 - j - 2. Let q be d(-1). Suppose -2*t = q*g - 75 - 291, g - 94 = -t. What are the prime factors of g?
89
Suppose 1323 = 6*q - 3981. List the prime factors of q.
2, 13, 17
Let d = -47 - -388. Suppose -3*q = 4*n - d, -2*n - 3*q + 6*q + 157 = 0. What are the prime factors of n?
83
Let d(i) = -3*i - 7. Let f be d(7). Let c = 154 - f. List the prime factors of c.
2, 7, 13
Let f be (-8)/(-44) + (-4)/22. Suppose f = -4*o - q + 127 + 43, 0 = -4*o + q + 174. What are the prime factors of o?
43
Let y = 327 - 142. List the prime factors of y.
5, 37
Let q = -64 - -158. Let g = 48 + q. What are the prime factors of g?
2, 71
Let z(f) = -18*f**2 + f - 10. Let c(j) = j - 1. Let y(k) = 6*c(k) - z(k). What are the prime factors of y(-3)?
151
Let o be (4/(-10))/((-182)/30 + 6). Suppose 0 = 2*x - o*x + 528. List the prime factors of x.
2, 3, 11
Let u(g) be the second derivative of g**5/10 + g**4/3 + g**3/2 + 2*g. Let k be u(-2). List the prime factors of (-10)/(8/k - -1).
2, 3, 5
Let p(r) = -r**2 + 13*r - 16. Let b be p(11). Suppose 49 = -b*v + 217. List the prime factors of v.
2, 7
Let d be 15/6*2/1. Let z(u) = 2 + d*u - u + 3*u + u. List the prime factors of z(3).
2, 13
Let h = -901 + 1022. List the prime factors of h.
11
Suppose -g = -4*m 